{"id":430,"date":"2018-09-07T20:14:26","date_gmt":"2018-09-07T18:14:26","guid":{"rendered":"http:\/\/www.tonis-schafhof.de\/?page_id=430"},"modified":"2020-11-21T18:59:00","modified_gmt":"2020-11-21T17:59:00","slug":"home","status":"publish","type":"page","link":"https:\/\/neu.tonis-schafhof.de\/?page_id=430","title":{"rendered":"Home"},"content":{"rendered":"<h3 style=\"padding-left: 60px; text-align: justify;\"><\/h3>\n<h2 style=\"text-align: center;\"><em><strong>Herzlich Willkommen bei Toni`s Schafhof<\/strong><\/em><\/h2>\n<div id='gallery-1' class='gallery galleryid-430 gallery-columns-3 gallery-size-full'><figure class='gallery-item'>\n\t\t\t<div class='gallery-icon landscape'>\n\t\t\t\t<a href='https:\/\/neu.tonis-schafhof.de\/wp-content\/uploads\/2015\/03\/2013-10-17-14.57.50-e1431372770215.jpg'><img loading=\"lazy\" decoding=\"async\" width=\"2560\" height=\"1920\" src=\"https:\/\/neu.tonis-schafhof.de\/wp-content\/uploads\/2015\/03\/2013-10-17-14.57.50-e1431372770215.jpg\" class=\"attachment-full size-full\" alt=\"\" srcset=\"https:\/\/neu.tonis-schafhof.de\/wp-content\/uploads\/2015\/03\/2013-10-17-14.57.50-e1431372770215.jpg 2560w, https:\/\/neu.tonis-schafhof.de\/wp-content\/uploads\/2015\/03\/2013-10-17-14.57.50-e1431372770215-300x225.jpg 300w, https:\/\/neu.tonis-schafhof.de\/wp-content\/uploads\/2015\/03\/2013-10-17-14.57.50-e1431372770215-1024x768.jpg 1024w\" sizes=\"(max-width: 2560px) 100vw, 2560px\" \/><\/a>\n\t\t\t<\/div><\/figure><figure class='gallery-item'>\n\t\t\t<div class='gallery-icon landscape'>\n\t\t\t\t<a href='https:\/\/neu.tonis-schafhof.de\/wp-content\/uploads\/2015\/03\/2013-11-05-14.26.211.jpg'><img loading=\"lazy\" decoding=\"async\" width=\"2560\" height=\"1920\" src=\"https:\/\/neu.tonis-schafhof.de\/wp-content\/uploads\/2015\/03\/2013-11-05-14.26.211.jpg\" class=\"attachment-full size-full\" alt=\"\" srcset=\"https:\/\/neu.tonis-schafhof.de\/wp-content\/uploads\/2015\/03\/2013-11-05-14.26.211.jpg 2560w, https:\/\/neu.tonis-schafhof.de\/wp-content\/uploads\/2015\/03\/2013-11-05-14.26.211-300x225.jpg 300w, https:\/\/neu.tonis-schafhof.de\/wp-content\/uploads\/2015\/03\/2013-11-05-14.26.211-1024x768.jpg 1024w\" sizes=\"(max-width: 2560px) 100vw, 2560px\" \/><\/a>\n\t\t\t<\/div><\/figure><figure class='gallery-item'>\n\t\t\t<div class='gallery-icon landscape'>\n\t\t\t\t<a href='https:\/\/neu.tonis-schafhof.de\/wp-content\/uploads\/2015\/03\/2013-03-11-17.42.53-e1431372827574.jpg'><img loading=\"lazy\" decoding=\"async\" width=\"2560\" height=\"1920\" src=\"https:\/\/neu.tonis-schafhof.de\/wp-content\/uploads\/2015\/03\/2013-03-11-17.42.53-e1431372827574.jpg\" class=\"attachment-full size-full\" alt=\"\" srcset=\"https:\/\/neu.tonis-schafhof.de\/wp-content\/uploads\/2015\/03\/2013-03-11-17.42.53-e1431372827574.jpg 2560w, https:\/\/neu.tonis-schafhof.de\/wp-content\/uploads\/2015\/03\/2013-03-11-17.42.53-e1431372827574-300x225.jpg 300w, https:\/\/neu.tonis-schafhof.de\/wp-content\/uploads\/2015\/03\/2013-03-11-17.42.53-e1431372827574-1024x768.jpg 1024w\" sizes=\"(max-width: 2560px) 100vw, 2560px\" \/><\/a>\n\t\t\t<\/div><\/figure><figure class='gallery-item'>\n\t\t\t<div class='gallery-icon landscape'>\n\t\t\t\t<a href='https:\/\/neu.tonis-schafhof.de\/wp-content\/uploads\/2015\/03\/2013-03-09-10.29.36.jpg'><img loading=\"lazy\" decoding=\"async\" width=\"2560\" height=\"1920\" src=\"https:\/\/neu.tonis-schafhof.de\/wp-content\/uploads\/2015\/03\/2013-03-09-10.29.36.jpg\" class=\"attachment-full size-full\" alt=\"\" srcset=\"https:\/\/neu.tonis-schafhof.de\/wp-content\/uploads\/2015\/03\/2013-03-09-10.29.36.jpg 2560w, https:\/\/neu.tonis-schafhof.de\/wp-content\/uploads\/2015\/03\/2013-03-09-10.29.36-300x225.jpg 300w, https:\/\/neu.tonis-schafhof.de\/wp-content\/uploads\/2015\/03\/2013-03-09-10.29.36-1024x768.jpg 1024w\" sizes=\"(max-width: 2560px) 100vw, 2560px\" \/><\/a>\n\t\t\t<\/div><\/figure><figure class='gallery-item'>\n\t\t\t<div class='gallery-icon landscape'>\n\t\t\t\t<a href='https:\/\/neu.tonis-schafhof.de\/wp-content\/uploads\/2015\/03\/2013-05-14-08.52.252-e1431372850131.jpg'><img loading=\"lazy\" decoding=\"async\" width=\"2560\" height=\"1920\" src=\"https:\/\/neu.tonis-schafhof.de\/wp-content\/uploads\/2015\/03\/2013-05-14-08.52.252-e1431372850131.jpg\" class=\"attachment-full size-full\" alt=\"\" srcset=\"https:\/\/neu.tonis-schafhof.de\/wp-content\/uploads\/2015\/03\/2013-05-14-08.52.252-e1431372850131.jpg 2560w, https:\/\/neu.tonis-schafhof.de\/wp-content\/uploads\/2015\/03\/2013-05-14-08.52.252-e1431372850131-300x225.jpg 300w, https:\/\/neu.tonis-schafhof.de\/wp-content\/uploads\/2015\/03\/2013-05-14-08.52.252-e1431372850131-1024x768.jpg 1024w\" sizes=\"(max-width: 2560px) 100vw, 2560px\" \/><\/a>\n\t\t\t<\/div><\/figure><figure class='gallery-item'>\n\t\t\t<div class='gallery-icon landscape'>\n\t\t\t\t<a href='https:\/\/neu.tonis-schafhof.de\/wp-content\/uploads\/2015\/03\/2013-05-02-10.31.441.jpg'><img loading=\"lazy\" decoding=\"async\" width=\"2560\" height=\"1920\" src=\"https:\/\/neu.tonis-schafhof.de\/wp-content\/uploads\/2015\/03\/2013-05-02-10.31.441.jpg\" class=\"attachment-full size-full\" alt=\"\" srcset=\"https:\/\/neu.tonis-schafhof.de\/wp-content\/uploads\/2015\/03\/2013-05-02-10.31.441.jpg 2560w, https:\/\/neu.tonis-schafhof.de\/wp-content\/uploads\/2015\/03\/2013-05-02-10.31.441-300x225.jpg 300w, https:\/\/neu.tonis-schafhof.de\/wp-content\/uploads\/2015\/03\/2013-05-02-10.31.441-1024x768.jpg 1024w\" sizes=\"(max-width: 2560px) 100vw, 2560px\" \/><\/a>\n\t\t\t<\/div><\/figure>\n\t\t<\/div>\n\n<h3 style=\"padding-left: 60px; text-align: center;\">Direktvermarktung ist die St\u00e4rke unseres Familienbetriebs und seit \u00fcber\u00a0<strong>30<\/strong>\u00a0Jahren Tradition.<\/h3>\n<h3 style=\"padding-left: 60px; text-align: center;\">Toni`s Schafhof bietet Ihnen einen Einblick in das Unternehmen der Familie Anton Dempf, einen \u00dcberblick \u00fcber die Vielfalt der von uns aus Meisterhand hergestellten Produkte des Hofes und informiert Sie \u00fcber aktuelle Ver\u00e4nderungen.<\/h3>\n<h3 style=\"padding-left: 60px; text-align: center;\"><\/h3>\n<h3 style=\"padding-left: 60px; text-align: center;\">Wir freuen uns auf ihren Besuch!<\/h3>\n<h3 style=\"padding-left: 60px; text-align: center;\">Familie Dempf<\/h3>\n","protected":false},"excerpt":{"rendered":"<p>Herzlich Willkommen bei Toni`s Schafhof Direktvermarktung ist die St\u00e4rke unseres Familienbetriebs und seit \u00fcber\u00a030\u00a0Jahren Tradition. Toni`s Schafhof bietet Ihnen einen Einblick in das Unternehmen der Familie Anton Dempf, einen \u00dcberblick \u00fcber die Vielfalt der von uns aus Meisterhand hergestellten Produkte des Hofes und informiert Sie \u00fcber aktuelle Ver\u00e4nderungen. Wir freuen uns auf ihren Besuch! Familie &hellip; <a href=\"https:\/\/neu.tonis-schafhof.de\/?page_id=430\" class=\"more-link\"><span class=\"screen-reader-text\">Home<\/span> weiterlesen <span class=\"meta-nav\">&rarr;<\/span><\/a><\/p>\n","protected":false},"author":2,"featured_media":0,"parent":0,"menu_order":0,"comment_status":"closed","ping_status":"closed","template":"page-templates\/full-width.php","meta":{"footnotes":""},"_links":{"self":[{"href":"https:\/\/neu.tonis-schafhof.de\/index.php?rest_route=\/wp\/v2\/pages\/430"}],"collection":[{"href":"https:\/\/neu.tonis-schafhof.de\/index.php?rest_route=\/wp\/v2\/pages"}],"about":[{"href":"https:\/\/neu.tonis-schafhof.de\/index.php?rest_route=\/wp\/v2\/types\/page"}],"author":[{"embeddable":true,"href":"https:\/\/neu.tonis-schafhof.de\/index.php?rest_route=\/wp\/v2\/users\/2"}],"replies":[{"embeddable":true,"href":"https:\/\/neu.tonis-schafhof.de\/index.php?rest_route=%2Fwp%2Fv2%2Fcomments&post=430"}],"version-history":[{"count":9,"href":"https:\/\/neu.tonis-schafhof.de\/index.php?rest_route=\/wp\/v2\/pages\/430\/revisions"}],"predecessor-version":[{"id":460,"href":"https:\/\/neu.tonis-schafhof.de\/index.php?rest_route=\/wp\/v2\/pages\/430\/revisions\/460"}],"wp:attachment":[{"href":"https:\/\/neu.tonis-schafhof.de\/index.php?rest_route=%2Fwp%2Fv2%2Fmedia&parent=430"}],"curies":[{"name":"wp","href":"https:\/\/api.w.org\/{rel}","templated":true}]}}